umber?
False
Is 35498507015 prime?
False
Is 554328133 prime?
True
Is 1080728833 a composite number?
False
Is 2009942563 a composite number?
True
Is 8431285183 a prime number?
False
Is 330551159 a prime number?
False
Is 12090360811 prime?
False
Is 4153691051 a prime number?
True
Is 11945361581 a composite number?
True
Is 63186694147 prime?
True
Is 1953171226 a prime number?
False
Is 1709047759 composite?
True
Is 1268091871 prime?
True
Is 1636605959 a composite number?
True
Is 13533406807 composite?
True
Is 15506985047 composite?
True
Is 895014787 a composite number?
False
Is 1823169473 composite?
False
Is 933013129 a prime number?
False
Is 25896216121 composite?
True
Is 12095451331 composite?
False
Is 2623948417 a composite number?
True
Is 8401798289 composite?
False
Is 801660583 a prime number?
False
Is 6561437 prime?
True
Is 2749768097 a prime number?
True
Is 1088662957 prime?
False
Is 11860310897 prime?
True
Is 1699414631 prime?
False
Is 383186863 a composite number?
True
Is 148412163 a prime number?
False
Is 3226504207 a composite number?
False
Is 1117399873 prime?
False
Is 1518433303 a prime number?
True
Is 1804845181 prime?
False
Is 829957313 a prime number?
True
Is 17752970847 prime?
False
Is 3361023653 prime?
False
Is 37697042051 prime?
True
Is 3293412869 prime?
False
Is 6643049617 a prime number?
True
Is 258793765363 composite?
True
Is 6585868951 prime?
True
Is 34155124457 a composite number?
False
Is 3058101251 composite?
False
Is 108380267 a prime number?
False
Is 2111423899 composite?
True
Is 4109063713 composite?
False
Is 9940203541 prime?
False
Is 192778991 a composite number?
True
Is 17787558389 composite?
False
Is 2230443973 a composite number?
True
Is 15810612941 a prime number?
True
Is 3547076329 composite?
False
Is 40228034467 composite?
True
Is 1963397171 a prime number?
False
Is 8335616077 composite?
True
Is 433421981 prime?
True
Is 10949534119 prime?
False
Is 2464516099 a composite number?
True
Is 1596500329 composite?
False
Is 32096160631 a composite number?
False
Is 83501118629 a composite number?
True
Is 516228161 a composite number?
True
Is 629724857 composite?
False
Is 27238201733 a composite number?
False
Is 8149521071 composite?
False
Is 9236949653 a prime number?
True
Is 451948733 composite?
False
Is 56572950153 composite?
True
Is 41881115477 prime?
True
Is 1968846807 a composite number?
True
Is 1360240897 a prime number?
True
Is 79640762791 prime?
True
Is 291257 prime?
True
Is 199005643 prime?
False
Is 53950894453 a composite number?
True
Is 81162707383 composite?
True
Is 4365269269 a prime number?
True
Is 993859171 prime?
True
Is 2070109891 a prime number?
True
Is 16011484997 prime?
True
Is 27601361 prime?
False
Is 25562455489 a prime number?
False
Is 7981958921 a composite number?
True
Is 123016325689 prime?
False
Is 110942168251 prime?
False
Is 13310794591 prime?
True
Is 4561579663 prime?
True
Is 92276309 a composite number?
False
Is 81706979 a prime number?
False
Is 8331473443 composite?
False
Is 46717464793 composite?
False
Is 75147244531 a composite number?
False
Is 264104226481 a prime number?
True
Is 56864318347 prime?
False
Is 1663771247 composite?
True
Is 51291275267 prime?
True
Is 55509049 prime?
False
Is 65935879 a prime number?
False
Is 2001647383 a composite number?
False
Is 82794069707 a composite number?
False
Is 218851247 composite?
False
Is 2142076331 prime?
True
Is 141365881 a prime number?
False
Is 3770160059 prime?
True
Is 9801904537 prime?
False
Is 61279548901 composite?
False
Is 4632380663 a prime number?
False
Is 216428911 a composite number?
True
Is 32572583 a composite number?
False
Is 1635545971 a composite number?
False
Is 45338347687 prime?
True
Is 1575536119 composite?
False
Is 198575071633 a prime number?
False
Is 28484782609 prime?
True
Is 81753037 prime?
False
Is 5618757227 a composite number?
True
Is 476961263 a prime number?
True
Is 24488443423 prime?
True
Is 198211177 a composite number?
True
Is 884636101 prime?
False
Is 5253019397 a prime number?
False
Is 5662429783 a composite number?
False
Is 21036692393 a composite number?
False
Is 300416995 a prime number?
False
Is 2244122431 a prime number?
False
Is 1022353279 prime?
True
Is 982679699 prime?
False
Is 34635197 composite?
True
Is 1987995281 prime?
True
Is 19073688461 prime?
True
Is 5492615311 composite?
True
Is 11406961 composite?
False
Is 2420975027 composite?
False
Is 143410811 composite?
False
Is 48733152367 prime?
False
Is 9494697437 prime?
False
Is 5156032157 a prime number?
True
Is 21681064281 a prime number?
False
Is 60567557317 a composite number?
True
Is 98116339 prime?
True
Is 36274624829 composite?
False
Is 15546777179 a composite number?
True
Is 307602733 a composite number?
True
Is 2211502571 a composite number?
False
Is 14885821959 a prime number?
False
Is 2372236289 prime?
False
Is 4707517021 composite?
False
Is 151031029511 composite?
False
Is 12900536063 a prime number?
True
Is 1570176061 a composite number?
False
Is 1213344689 a prime number?
False
Is 1331129069 prime?
True
Is 10668923 a prime number?
False
Is 842466337 composite?
False
Is 5109622241 composite?
True
Is 726221681 prime?
False
Is 2256928657 composite?
False
Is 16475695531 a composite number?
False
Is 5982438109 a prime number?
True
Is 2120382707 prime?
False
Is 1206832421 composite?
False
Is 634888297 prime?
False
Is 5653125997 a prime number?
True
Is 27239060197 a prime number?
True
Is 42573359 a prime number?
True
Is 12126363611 a prime number?
False
Is 18349745389 a prime number?
False
Is 783911017 a composite number?
False
Is 567959829199 a prime number?
False
Is 7679175571 composite?
True
Is 25252145693 a composite number?
True
Is 13041448519 prime?
False
Is 16505869067 prime?
False
Is 4899175297 composite?
False
Is 5617779539 prime?
False
Is 1971363559 composite?
True
Is 335625601 composite?
True
Is 9715424423 prime?
True
Is 4545542 prime?
False
Is 835657363 a composite number?
True
Is 12814758839 a composite number?
False
Is 41672163745 a prime number?
False
Is 2869146119 a composite number?
True
Is 3888957239 composite?
False
Is 689918377 a composite number?
True
Is 2639075377 a prime number?
True
Is 201383927 a composite number?
False
Is 57754829071 a composite number?
True
Is 1274795281 composite?
False
Is 525919049 prime?
False
Is 77960899 composite?
False
Is 29762098931 prime?
True
Is 78687396377 a prime number?
True
Is 4820379569 a composite number?
False
Is 45757860749 a composite number?
False
Is 117059771 a prime number?
True
Is 999670993 composite?
False
Is 2552056027 a prime number?
True
Is 17168857841 a prime number?
False
Is 13068807019 prime?
True
Is 2473933327 a composite number?
False
Is 2876736503 a composite number?
True
Is 3304741562 prime?
False
Is 73742634281 composite?
False
Is 6081632477 prime?
False
Is 371801303 a composite number?
True
Is 3171829013 composite?
False
Is 10613678813 a prime number?
False
Is 13948723169 a composite number?
False
Is 5974975529 a prime number?
True
Is 402474971 prime?
True
Is 10998167533 a prime number?
True
Is 7316440777 a prime number?
False
Is 188013194557 a composite number?
True
Is 2197412446 a prime number?
False
Is 39426227759 composite?
True
Is 89177776529 composite?
False
Is 15300563471 prime?
False
Is 365699963 a prime number?
False
Is 1230410387 a composite number?
False
Is 11409694319 prime?
True
Is 2192855281 a composite number?
False
Is 6291976751 a composite number?
False
Is 4352472331 a prime number?
True
Is 227261957 prime?
False
Is 6839746763 a composite number?
False
Is 4739313589 a composite number?
False
Is 300582862 composite?
True
Is 169271032913 a prime number?
True
Is 2382203381 a prime number?
False
Is 14933213351 a prime number?
False
Is 209015633 prime?
True
Is 10408701187 composite?
False
Is 4488982207 prime?
False
Is 586775297 a composite number?
False
Is 59388598859 composite?
True
Is 582387859 a prime number?
True
Is 51577952719 composite?
False
Is 4127627801 a prime number?
False
Is 14155383301 composite?
False
Is 50673950051 a composite number?
True
Is 908842411 prime?
True
Is 8214414109 prime?
False
Is 184318961 a prime number?
True
Is 1410449783 a composite number?
False
Is 7832470169 a prime number?
False
Is 9352868131 a composite number?
Tr